{"id":24818,"date":"2016-06-28T13:12:39","date_gmt":"2016-06-28T17:12:39","guid":{"rendered":"https:\/\/obstetricia.uv.cl\/inicio\/?page_id=24818"},"modified":"2022-01-17T09:17:29","modified_gmt":"2022-01-17T12:17:29","slug":"bienvenida","status":"publish","type":"page","link":"https:\/\/obstetricia.uv.cl\/inicio\/index.php\/bienvenida\/","title":{"rendered":"Bienvenida"},"content":{"rendered":"<ul>\n<li>\n<p>        <img decoding=\"async\" src=\"\/inicio\/wp-content\/uploads\/2022\/01\/directora-e1642077428851.jpeg\" alt=\"\"><\/p>\n<\/li>\n<li>\n<h3>Les damos una cordial y afectuosa bienvenida a la Escuela de Obstetricia y Puericultura!<\/h3>\n<div>\n<p align=\"justify\"><span style=\"font-weight: 400;\">La Escuela de Obstetricia y Puericultura, se destaca por su trayectoria de 66 a\u00f1os en la V regi\u00f3n, formando\u00a0 Matronas y Matrones del m\u00e1s alto nivel profesional, contando con una certificaci\u00f3n de 6 a\u00f1os de acreditaci\u00f3n.<\/span><\/p>\n<p align=\"justify\"><span style=\"font-weight: 400;\">Se encuentra inserta en la Facultad de Medicina, tanto en la Casa Central de Re\u00f1aca y en el Campus San Felipe. La formaci\u00f3n se basa en un saber te\u00f3rico pr\u00e1ctico con valores basados en la responsabilidad social, el actuar \u00e9tico y la empat\u00eda. En sus aulas, laboratorios de Simulaci\u00f3n y pr\u00e1cticas cl\u00ednicas comparten sus estudiantes y docentes especializados, cultivando el saber mediante modelos pedag\u00f3gicos socio constructivistas, que permiten al estudiante empoderarse del rol profesional en diversos \u00e1mbitos de desempe\u00f1o, tales como salud sexual y reproductiva, ginecol\u00f3gica, pro conceptiva, salud fetal y neonatal, salud p\u00fablica, familiar y comunitaria; dando \u00e9nfasis de manera transversal a la educaci\u00f3n, gesti\u00f3n y liderazgo e investigaci\u00f3n durante todo el plan curricular.<\/span><\/p>\n<p align=\"justify\"><span style=\"font-weight: 400;\">Adem\u00e1s contamos con consolidados programas de Post\u00edtulo en diversas \u00e1reas del saber disciplinar y del equipo de salud, que te permitir\u00e1n acceder desde el pregrado a la educaci\u00f3n continua. De esta manera, te invitamos a disfrutar de una Escuela moderna, inclusiva, laica , con enfoque de g\u00e9nero y que garantiza una formaci\u00f3n que asegura la inserci\u00f3n en el campo laboral.<\/span><\/p>\n<p align=\"justify\"><span style=\"font-weight: 400;\">Cont\u00e1ctanos para resolver\u00a0 tus consultas e inquietudes a trav\u00e9s de los correos que te compartimos.<\/span><\/p>\n<p align=\"justify\"><span style=\"font-weight: 400;\">Reciban un cordial saludo<\/span><\/p>\n<p><b>Dra. Paula Oyarz\u00fan Andrades<\/b><\/p>\n<p><b>Directora de Escuela Obstetricia y Puericultura<\/b><\/p>\n<\/div>\n<\/li>\n<\/ul>\n<ul>\n<li>\n<h3>Facultad de Medicina (Re\u00f1aca)<\/h3>\n<div>Directora: Paula Oyarz\u00fan Andrades | <a href=\"mailto:paula.oyarzun@uv.cl\" target=\"_blank\" rel=\"noopener\">paula.oyarzun@uv.cl<\/a><\/p>\n<p>Jefa de Carrera: Alejandra Mu\u00f1oz Moya | <a href=\"mailto:alejandra.munoz@uv.cl\" target=\"_blank\" rel=\"noopener\">alejandra.munoz@uv.cl<\/a><\/p>\n<\/div>\n<\/li>\n<li>\n<h3>Campus San Felipe<\/h3>\n<div>\n<p>Directora: Paula Oyarz\u00fan Andrades | <a href=\"mailto:paula.oyarzun@uv.cl\" target=\"_blank\" rel=\"noopener\">paula.oyarzun@uv.cl<\/a><\/p>\n<p>Jefa de Carrera: Cynthia Carrasco Carr\u00e9 | <a href=\"mailto:cynthia.carrasco@uv.cl@uv.cl\" target=\"_blank\" rel=\"noopener\">cynthia.carrasco@uv.cl<\/a><\/p>\n<\/div>\n<\/li>\n<\/ul>\n<p><!--more--><br \/>\n<!-- {\"type\":\"layout\",\"children\":[{\"type\":\"section\",\"props\":{\"style\":\"default\",\"width\":\"default\",\"vertical_align\":\"middle\",\"title_position\":\"top-left\",\"title_rotation\":\"left\",\"title_breakpoint\":\"xl\",\"image_position\":\"center-center\"},\"children\":[{\"type\":\"row\",\"children\":[{\"type\":\"column\",\"props\":{\"position_sticky_breakpoint\":\"m\",\"image_position\":\"center-center\",\"media_overlay_gradient\":\"\"},\"children\":[{\"type\":\"grid\",\"props\":{\"show_title\":true,\"show_meta\":false,\"show_content\":true,\"show_image\":true,\"show_link\":false,\"grid_default\":\"1\",\"grid_medium\":\"2\",\"filter_style\":\"tab\",\"filter_all\":true,\"filter_position\":\"top\",\"filter_align\":\"left\",\"filter_grid_width\":\"auto\",\"filter_grid_breakpoint\":\"m\",\"title_hover_style\":\"reset\",\"title_element\":\"h3\",\"title_align\":\"top\",\"title_grid_width\":\"1-2\",\"title_grid_breakpoint\":\"m\",\"meta_style\":\"meta\",\"meta_align\":\"below-title\",\"meta_element\":\"div\",\"content_column_breakpoint\":\"m\",\"icon_width\":80,\"image_align\":\"top\",\"image_grid_width\":\"1-2\",\"image_grid_breakpoint\":\"m\",\"image_svg_color\":\"emphasis\",\"link_text\":\"Read more\",\"link_style\":\"default\",\"margin\":\"small\",\"item_animation\":true,\"grid_divider\":false,\"grid_row_align\":false,\"grid_column_align\":false,\"text_align\":\"justify\"},\"children\":[{\"type\":\"grid_item\",\"props\":{\"title\":\"\",\"image\":\"wp-content\\\/uploads\\\/2022\\\/01\\\/directora-e1642077428851.jpeg\"}},{\"type\":\"grid_item\",\"props\":{\"title\":\"Les damos una cordial y afectuosa bienvenida a la Escuela de Obstetricia y Puericultura!\",\"content\":\"\n\n<p align=\\\"justify\\\"><span style=\\\"font-weight: 400;\\\">La Escuela de Obstetricia y Puericultura, se destaca por su trayectoria de 66 a\\u00f1os en la V regi\\u00f3n, formando\\u00a0 Matronas y Matrones del m\\u00e1s alto nivel profesional, contando con una certificaci\\u00f3n de 6 a\\u00f1os de acreditaci\\u00f3n.<\\\/span><\\\/p>\\n\n\n<p align=\\\"justify\\\"><span style=\\\"font-weight: 400;\\\">Se encuentra inserta en la Facultad de Medicina, tanto en la Casa Central de Re\\u00f1aca y en el Campus San Felipe. La formaci\\u00f3n se basa en un saber te\\u00f3rico pr\\u00e1ctico con valores basados en la responsabilidad social, el actuar \\u00e9tico y la empat\\u00eda. En sus aulas, laboratorios de Simulaci\\u00f3n y pr\\u00e1cticas cl\\u00ednicas comparten sus estudiantes y docentes especializados, cultivando el saber mediante modelos pedag\\u00f3gicos socio constructivistas, que permiten al estudiante empoderarse del rol profesional en diversos \\u00e1mbitos de desempe\\u00f1o, tales como salud sexual y reproductiva, ginecol\\u00f3gica, pro conceptiva, salud fetal y neonatal, salud p\\u00fablica, familiar y comunitaria; dando \\u00e9nfasis de manera transversal a la educaci\\u00f3n, gesti\\u00f3n y liderazgo e investigaci\\u00f3n durante todo el plan curricular.<\\\/span><\\\/p>\\n\n\n<p align=\\\"justify\\\"><span style=\\\"font-weight: 400;\\\">Adem\\u00e1s contamos con consolidados programas de Post\\u00edtulo en diversas \\u00e1reas del saber disciplinar y del equipo de salud, que te permitir\\u00e1n acceder desde el pregrado a la educaci\\u00f3n continua. De esta manera, te invitamos a disfrutar de una Escuela moderna, inclusiva, laica , con enfoque de g\\u00e9nero y que garantiza una formaci\\u00f3n que asegura la inserci\\u00f3n en el campo laboral.<\\\/span><\\\/p>\\n\n\n<p align=\\\"justify\\\"><span style=\\\"font-weight: 400;\\\">Cont\\u00e1ctanos para resolver\\u00a0 tus consultas e inquietudes a trav\\u00e9s de los correos que te compartimos.<\\\/span><\\\/p>\\n\n\n<p align=\\\"justify\\\"><span style=\\\"font-weight: 400;\\\">Reciban un cordial saludo<\\\/span><\\\/p>\\n\n\n<p><b>Dra. Paula Oyarz\\u00fan Andrades<\\\/b><\\\/p>\\n\n\n<p><b>Directora de Escuela Obstetricia y Puericultura<\\\/b><\\\/p>\"}}]},{\"type\":\"grid\",\"props\":{\"show_title\":true,\"show_meta\":true,\"show_content\":true,\"show_image\":true,\"show_link\":true,\"grid_default\":\"1\",\"grid_medium\":\"2\",\"filter_style\":\"tab\",\"filter_all\":true,\"filter_position\":\"top\",\"filter_align\":\"left\",\"filter_grid_width\":\"auto\",\"filter_grid_breakpoint\":\"m\",\"title_hover_style\":\"reset\",\"title_element\":\"h3\",\"title_align\":\"top\",\"title_grid_width\":\"1-2\",\"title_grid_breakpoint\":\"m\",\"meta_style\":\"meta\",\"meta_align\":\"below-title\",\"meta_element\":\"div\",\"content_column_breakpoint\":\"m\",\"icon_width\":80,\"image_align\":\"top\",\"image_grid_width\":\"1-2\",\"image_grid_breakpoint\":\"m\",\"image_svg_color\":\"emphasis\",\"link_text\":\"Read more\",\"link_style\":\"default\",\"margin\":\"default\",\"item_animation\":true,\"panel_style\":\"card-default\"},\"children\":[{\"type\":\"grid_item\",\"props\":{\"title\":\"Facultad de Medicina (Re\\u00f1aca)\",\"content\":\"\n\n<p>Directora: Paula Oyarz\\u00fan Andrades | <a href=\\\"mailto:paula.oyarzun@uv.cl\\\" target=\\\"_blank\\\" rel=\\\"noopener\\\">paula.oyarzun@uv.cl<\\\/a><\\\/p>\\n\n\n<p>Jefa de Carrera: Alejandra Mu\\u00f1oz Moya | <a href=\\\"mailto:alejandra.munoz@uv.cl\\\" target=\\\"_blank\\\" rel=\\\"noopener\\\">alejandra.munoz@uv.cl<\\\/a><\\\/p>\\n\n\n<p><\\\/p>\"}},{\"type\":\"grid_item\",\"props\":{\"title\":\"Campus San Felipe\",\"content\":\"\n\n<p>Directora: Paula Oyarz\\u00fan Andrades | <a href=\\\"mailto:paula.oyarzun@uv.cl\\\" target=\\\"_blank\\\" rel=\\\"noopener\\\">paula.oyarzun@uv.cl<\\\/a><\\\/p>\\n\n\n<p>Jefa de Carrera: Cynthia Carrasco Carr\\u00e9 | <a href=\\\"mailto:cynthia.carrasco@uv.cl@uv.cl\\\" target=\\\"_blank\\\" rel=\\\"noopener\\\">cynthia.carrasco@uv.cl<\\\/a><\\\/p>\\n\n\n<p><\\\/p>\"}}]}]}]}]}],\"version\":\"2.7.11\"} --><\/p>\n","protected":false},"excerpt":{"rendered":"<p>Les damos una cordial y afectuosa bienvenida a la Escuela de Obstetricia y Puericultura! La Escuela de Obstetricia y Puericultura, se destaca por su trayectoria de 66 a\u00f1os en la V regi\u00f3n, formando\u00a0 Matronas y Matrones del m\u00e1s alto nivel profesional, contando con una certificaci\u00f3n de 6 a\u00f1os de acreditaci\u00f3n. Se encuentra inserta en la [&hellip;]<\/p>\n","protected":false},"author":2,"featured_media":0,"parent":0,"menu_order":0,"comment_status":"closed","ping_status":"closed","template":"","meta":{"advanced_seo_description":"","jetpack_seo_html_title":"","jetpack_seo_noindex":false,"jetpack_post_was_ever_published":false,"footnotes":""},"class_list":["post-24818","page","type-page","status-publish","hentry"],"jetpack_sharing_enabled":true,"jetpack-related-posts":[],"jetpack_shortlink":"https:\/\/wp.me\/P7pLU0-6si","_links":{"self":[{"href":"https:\/\/obstetricia.uv.cl\/inicio\/index.php\/wp-json\/wp\/v2\/pages\/24818","targetHints":{"allow":["GET"]}}],"collection":[{"href":"https:\/\/obstetricia.uv.cl\/inicio\/index.php\/wp-json\/wp\/v2\/pages"}],"about":[{"href":"https:\/\/obstetricia.uv.cl\/inicio\/index.php\/wp-json\/wp\/v2\/types\/page"}],"author":[{"embeddable":true,"href":"https:\/\/obstetricia.uv.cl\/inicio\/index.php\/wp-json\/wp\/v2\/users\/2"}],"replies":[{"embeddable":true,"href":"https:\/\/obstetricia.uv.cl\/inicio\/index.php\/wp-json\/wp\/v2\/comments?post=24818"}],"version-history":[{"count":7,"href":"https:\/\/obstetricia.uv.cl\/inicio\/index.php\/wp-json\/wp\/v2\/pages\/24818\/revisions"}],"predecessor-version":[{"id":33273,"href":"https:\/\/obstetricia.uv.cl\/inicio\/index.php\/wp-json\/wp\/v2\/pages\/24818\/revisions\/33273"}],"wp:attachment":[{"href":"https:\/\/obstetricia.uv.cl\/inicio\/index.php\/wp-json\/wp\/v2\/media?parent=24818"}],"curies":[{"name":"wp","href":"https:\/\/api.w.org\/{rel}","templated":true}]}}