{"id":33888,"date":"2022-12-06T13:12:47","date_gmt":"2022-12-06T16:12:47","guid":{"rendered":"https:\/\/obstetricia.uv.cl\/inicio\/?page_id=33888"},"modified":"2023-11-13T16:36:24","modified_gmt":"2023-11-13T19:36:24","slug":"fundamentos-v2","status":"publish","type":"page","link":"https:\/\/obstetricia.uv.cl\/inicio\/index.php\/fundamentos-v2\/","title":{"rendered":"Fundamentos v2"},"content":{"rendered":"<h1>Fundamentos de la escuela de Obstetricia y Puericultura<\/h1>\n<hr>\n<div>\n<h2>Prop\u00f3sitos<\/h2>\n<p>La Carrera de Obstetricia y Puericultura de la Universidad de Valpara\u00edso tiene como prop\u00f3sito, formar profesionales matronas y matrones capacitados para desempe\u00f1arse en el \u00e1rea asistencial, docente, de investigaci\u00f3n y gesti\u00f3n; que posean actitud y visi\u00f3n integral, capaces de dar respuesta a la mujer, familia y comunidad, en las diferentes situaciones del \u00e1rea de la salud sexual y reproductiva, dentro del marco \u00e9tico y legal que rige a la profesi\u00f3n.<\/p>\n<\/div>\n<ul>\n<li>\n<h3>En relaci\u00f3n a la comunidad:<\/h3>\n<div><span>Orientar el plan curricular con \u00e9nfasis en los aspectos psicosociales, adem\u00e1s de desarrollar instancias de Responsabilidad Social Universitaria.<\/span><\/p>\n<\/div>\n<\/li>\n<li>\n<h3>En relaci\u00f3n a nuestros y nuestras estudiantes:<\/h3>\n<div>\n<p><span>Proporcionar una instancia de educaci\u00f3n continua, formando profesionales emp\u00e1ticos y con una manifiesta responsabilidad social en su accionar, como sello distintivo de la carrera.<\/span><\/p>\n<\/div>\n<\/li>\n<li>\n<h3>En relaci\u00f3n a nuestros funcionarios:<\/h3>\n<div>\n<p><span>Crear instancias de capacitaci\u00f3n y participaci\u00f3n.<\/span><\/p>\n<\/div>\n<\/li>\n<li>\n<h3>En relaci\u00f3n a la Facultad y Universidad:<\/h3>\n<div>\n<p><span>Potenciar instancias de participaci\u00f3n.<\/span><\/p>\n<\/div>\n<\/li>\n<li>\n<h3>En relaci\u00f3n a nuestros acad\u00e9micos:<\/h3>\n<div>\n<p><span>Constituirnos en una alternativa de constante perfeccionamiento acad\u00e9mico, investigaci\u00f3n, extensi\u00f3n y estabilidad laboral.<\/span><\/p>\n<\/div>\n<\/li>\n<li>\n<h3>En relaci\u00f3n a nuestros pares matronas-matrones y empleadores:<\/h3>\n<div>\n<p><span>Fortalecer v\u00ednculos y relaciones de intercambio y constituirnos en interlocutores\/as validos para la profesi\u00f3n matrona\/matr\u00f3n.<\/span><\/p>\n<\/div>\n<\/li>\n<\/ul>\n<hr>\n<ul>\n<li>\n<h3>Objetivos Educacionales<\/h3>\n<div>\n<p>Desarrollar competencias y habilidades:<\/p>\n<ul class=\"uk-list uk-list-bullet uk-list-collapse\">\n<li>\u00c9ticas y bio\u00e9ticas en relaciones interpersonales con sus pares, subordinados y usuarias\/os.<\/li>\n<li>En Gesti\u00f3n y Liderazgo, para el ejercicio profesional y trabajo en equipo inter, trans y multidisciplinario.<\/li>\n<li>En Salud Sexual y Reproductiva a lo largo del ciclo vital, desde la vida intrauterina hasta la muerte.<\/li>\n<li>En educaci\u00f3n para la intervenci\u00f3n comunitaria y formaci\u00f3n continua de los matronas y los matrones.<\/li>\n<\/ul>\n<\/div>\n<\/li>\n<li>\n<h3>Nuestra Misi\u00f3n<\/h3>\n<div><span class=\"fontstyle0\">Formar profesionales de excelencia en matroner\u00eda, desde una perspectiva cient\u00edfico humanista e interdisciplinaria con enfoque biopsicosocial, de g\u00e9nero, pertinencia cultural y cuidado medio ambiental. La formaci\u00f3n est\u00e1 basada en s\u00f3lidas competencias, principios \u00e9ticos y normativa legal vigente, que permiten gestionar y otorgar de manera responsable una atenci\u00f3n integral en los diversos niveles de complejidad en salud sexual y reproductiva, ginecol\u00f3gica y neonatal durante todo el ciclo vital de las personas, familias y comunidad. Contamos con un equipo humano comprometido, especializado y en continuo perfeccionamiento en las diversas \u00e1reas disciplinares y a fines, capaz de adaptarse e innovar ante diferentes escenarios educativos a trav\u00e9s de la docencia de pre y post\u00edtulo, investigaci\u00f3n, vinculaci\u00f3n con el medio y extensi\u00f3n<\/span>.<\/p>\n<hr \/>\n<p><strong>NUESTROS VALORES: EMPAT\u00cdA, RESPETO Y COMPROMISO<\/strong><\/p>\n<hr \/>\n<p><strong>Fuente:<\/strong> Plan Estrat\u00e9gico OyP<\/p>\n<p><img data-recalc-dims=\"1\" loading=\"lazy\" decoding=\"async\" data-attachment-id=\"33895\" data-permalink=\"https:\/\/obstetricia.uv.cl\/inicio\/desarrollo-estrategico\/\" data-orig-file=\"https:\/\/i0.wp.com\/obstetricia.uv.cl\/inicio\/wp-content\/uploads\/2022\/12\/Desarrollo-Estrategico.jpg?fit=1000%2C400&amp;ssl=1\" data-orig-size=\"1000,400\" data-comments-opened=\"1\" data-image-meta=\"{&quot;aperture&quot;:&quot;0&quot;,&quot;credit&quot;:&quot;&quot;,&quot;camera&quot;:&quot;&quot;,&quot;caption&quot;:&quot;&quot;,&quot;created_timestamp&quot;:&quot;0&quot;,&quot;copyright&quot;:&quot;&quot;,&quot;focal_length&quot;:&quot;0&quot;,&quot;iso&quot;:&quot;0&quot;,&quot;shutter_speed&quot;:&quot;0&quot;,&quot;title&quot;:&quot;&quot;,&quot;orientation&quot;:&quot;0&quot;}\" data-image-title=\"Desarrollo-Estrat\u00e9gico\" data-image-description=\"\" data-image-caption=\"\" data-medium-file=\"https:\/\/i0.wp.com\/obstetricia.uv.cl\/inicio\/wp-content\/uploads\/2022\/12\/Desarrollo-Estrategico.jpg?fit=300%2C120&amp;ssl=1\" data-large-file=\"https:\/\/i0.wp.com\/obstetricia.uv.cl\/inicio\/wp-content\/uploads\/2022\/12\/Desarrollo-Estrategico.jpg?fit=1000%2C400&amp;ssl=1\" src=\"https:\/\/i0.wp.com\/obstetricia.uv.cl\/inicio\/wp-content\/uploads\/2022\/12\/Desarrollo-Estrategico-300x120.jpg?resize=300%2C120&#038;ssl=1\" alt=\"\" width=\"300\" height=\"120\" class=\"alignnone size-medium wp-image-33895\" srcset=\"https:\/\/i0.wp.com\/obstetricia.uv.cl\/inicio\/wp-content\/uploads\/2022\/12\/Desarrollo-Estrategico.jpg?resize=300%2C120&amp;ssl=1 300w, https:\/\/i0.wp.com\/obstetricia.uv.cl\/inicio\/wp-content\/uploads\/2022\/12\/Desarrollo-Estrategico.jpg?w=1000&amp;ssl=1 1000w\" sizes=\"auto, (max-width: 300px) 100vw, 300px\" \/><\/p>\n<\/div>\n<\/li>\n<li>\n<h3>Nuestra Visi\u00f3n<\/h3>\n<div>\n<p><span class=\"fontstyle0\">Liderar en la formaci\u00f3n del profesional matrona y matr\u00f3n a nivel nacional e hispanoamericano, destac\u00e1ndose por egresados con alto reconocimiento por su aporte al desarrollo social y sanitario del pa\u00eds; promoviendo permanentemente la generaci\u00f3n y difusi\u00f3n del conocimiento, a trav\u00e9s de la formaci\u00f3n del post\u00edtulo y postgrado y la investigaci\u00f3n disciplinar e interdisciplinar.<\/span><\/p>\n<hr \/>\n<p><strong>Fuente:<\/strong> Plan Estrat\u00e9gico OyP<\/p>\n<p><img data-recalc-dims=\"1\" loading=\"lazy\" decoding=\"async\" data-attachment-id=\"33895\" data-permalink=\"https:\/\/obstetricia.uv.cl\/inicio\/desarrollo-estrategico\/\" data-orig-file=\"https:\/\/i0.wp.com\/obstetricia.uv.cl\/inicio\/wp-content\/uploads\/2022\/12\/Desarrollo-Estrategico.jpg?fit=1000%2C400&amp;ssl=1\" data-orig-size=\"1000,400\" data-comments-opened=\"1\" data-image-meta=\"{&quot;aperture&quot;:&quot;0&quot;,&quot;credit&quot;:&quot;&quot;,&quot;camera&quot;:&quot;&quot;,&quot;caption&quot;:&quot;&quot;,&quot;created_timestamp&quot;:&quot;0&quot;,&quot;copyright&quot;:&quot;&quot;,&quot;focal_length&quot;:&quot;0&quot;,&quot;iso&quot;:&quot;0&quot;,&quot;shutter_speed&quot;:&quot;0&quot;,&quot;title&quot;:&quot;&quot;,&quot;orientation&quot;:&quot;0&quot;}\" data-image-title=\"Desarrollo-Estrat\u00e9gico\" data-image-description=\"\" data-image-caption=\"\" data-medium-file=\"https:\/\/i0.wp.com\/obstetricia.uv.cl\/inicio\/wp-content\/uploads\/2022\/12\/Desarrollo-Estrategico.jpg?fit=300%2C120&amp;ssl=1\" data-large-file=\"https:\/\/i0.wp.com\/obstetricia.uv.cl\/inicio\/wp-content\/uploads\/2022\/12\/Desarrollo-Estrategico.jpg?fit=1000%2C400&amp;ssl=1\" src=\"https:\/\/i0.wp.com\/obstetricia.uv.cl\/inicio\/wp-content\/uploads\/2022\/12\/Desarrollo-Estrategico-300x120.jpg?resize=300%2C120&#038;ssl=1\" alt=\"\" width=\"300\" height=\"120\" class=\"alignnone size-medium wp-image-33895\" srcset=\"https:\/\/i0.wp.com\/obstetricia.uv.cl\/inicio\/wp-content\/uploads\/2022\/12\/Desarrollo-Estrategico.jpg?resize=300%2C120&amp;ssl=1 300w, https:\/\/i0.wp.com\/obstetricia.uv.cl\/inicio\/wp-content\/uploads\/2022\/12\/Desarrollo-Estrategico.jpg?w=1000&amp;ssl=1 1000w\" sizes=\"auto, (max-width: 300px) 100vw, 300px\" \/><\/p>\n<\/div>\n<\/li>\n<\/ul>\n<p><!--more--><br \/>\n<!-- {\"type\":\"layout\",\"children\":[{\"type\":\"section\",\"props\":{\"style\":\"default\",\"width\":\"default\",\"vertical_align\":\"middle\",\"title_position\":\"top-left\",\"title_rotation\":\"left\",\"title_breakpoint\":\"xl\",\"image_position\":\"center-center\"},\"children\":[{\"type\":\"row\",\"children\":[{\"type\":\"column\",\"props\":{\"position_sticky_breakpoint\":\"m\",\"image_position\":\"center-center\",\"media_overlay_gradient\":\"\"},\"children\":[{\"name\":\"Headline Color Background\",\"type\":\"headline\",\"children\":null,\"props\":{\"title_element\":\"h1\",\"content\":\"Fundamentos de la escuela de Obstetricia y Puericultura\",\"title_color\":\"background\",\"title_decoration\":\"bullet\"}},{\"name\":\"Divider Style Default\",\"type\":\"divider\",\"children\":null,\"props\":{\"divider_element\":\"hr\",\"divider_style\":\"\"}},{\"type\":\"text\",\"props\":{\"margin\":\"default\",\"column_breakpoint\":\"m\",\"content\":\"\n\n<h2>Prop\\u00f3sitos<\\\/h2>\\n\n\n<p>La Carrera de Obstetricia y Puericultura de la Universidad de Valpara\\u00edso tiene como prop\\u00f3sito, formar profesionales matronas y matrones capacitados para desempe\\u00f1arse en el \\u00e1rea asistencial, docente, de investigaci\\u00f3n y gesti\\u00f3n; que posean actitud y visi\\u00f3n integral, capaces de dar respuesta a la mujer, familia y comunidad, en las diferentes situaciones del \\u00e1rea de la salud sexual y reproductiva, dentro del marco \\u00e9tico y legal que rige a la profesi\\u00f3n.<\\\/p>\",\"dropcap\":false,\"text_align\":\"justify\"}},{\"name\":\"Accordion One Item Start Closed\",\"type\":\"accordion\",\"children\":[{\"name\":\"\",\"type\":\"accordion_item\",\"props\":{\"title\":\"En relaci\\u00f3n a la comunidad:\",\"content\":\"\n\n<p><span>Orientar el plan curricular con \\u00e9nfasis en los aspectos psicosociales, adem\\u00e1s de desarrollar instancias de Responsabilidad Social Universitaria.<\\\/span><\\\/p>\",\"image\":\"\",\"link\":\"\"}},{\"name\":\"\",\"type\":\"accordion_item\",\"props\":{\"content\":\"\n\n<p><span>Proporcionar una instancia de educaci\\u00f3n continua, formando profesionales emp\\u00e1ticos y con una manifiesta responsabilidad social en su accionar, como sello distintivo de la carrera.<\\\/span><\\\/p>\",\"title\":\"En relaci\\u00f3n a nuestros y nuestras estudiantes:\",\"link\":\"\",\"image\":\"\"}},{\"name\":\"\",\"type\":\"accordion_item\",\"props\":{\"content\":\"\n\n<p><span>Crear instancias de capacitaci\\u00f3n y participaci\\u00f3n.<\\\/span><\\\/p>\",\"title\":\"En relaci\\u00f3n a nuestros funcionarios:\",\"link\":\"\",\"image\":\"\"}},{\"name\":\"\",\"type\":\"accordion_item\",\"props\":{\"content\":\"\n\n<p><span>Potenciar instancias de participaci\\u00f3n.<\\\/span><\\\/p>\",\"title\":\"En relaci\\u00f3n a la Facultad y Universidad:\",\"link\":\"\",\"image\":\"\"}},{\"type\":\"accordion_item\",\"props\":{\"title\":\"En relaci\\u00f3n a nuestros acad\\u00e9micos:\",\"content\":\"\n\n<p><span>Constituirnos en una alternativa de constante perfeccionamiento acad\\u00e9mico, investigaci\\u00f3n, extensi\\u00f3n y estabilidad laboral.<\\\/span><\\\/p>\"}},{\"type\":\"accordion_item\",\"props\":{\"title\":\"En relaci\\u00f3n a nuestros pares matronas-matrones y empleadores:\",\"content\":\"\n\n<p><span>Fortalecer v\\u00ednculos y relaciones de intercambio y constituirnos en interlocutores\\\/as validos para la profesi\\u00f3n matrona\\\/matr\\u00f3n.<\\\/span><\\\/p>\"}}],\"props\":{\"multiple\":false,\"collapsible\":true,\"show_image\":true,\"show_link\":true,\"title_element\":\"h3\",\"image_align\":\"left\",\"image_grid_width\":\"auto\",\"link_text\":\"Read more\",\"link_style\":\"default\",\"image_svg_color\":\"emphasis\",\"margin_remove_top\":false,\"image_grid_breakpoint\":\"s\",\"content_column_breakpoint\":\"m\",\"image_width\":\"100\",\"image_height\":\"100\",\"image_vertical_align\":true}},{\"name\":\"Divider Style Default\",\"type\":\"divider\",\"children\":null,\"props\":{\"divider_element\":\"hr\",\"divider_style\":\"\"}},{\"name\":\"Switcher Tabs Top Image Bottom\",\"type\":\"switcher\",\"children\":[{\"type\":\"switcher_item\",\"props\":{\"image\":\"\",\"title\":\"Objetivos Educacionales\",\"content\":\"\n\n<p>Desarrollar competencias y habilidades:<\\\/p>\\n\n\n<ul class=\\\"uk-list uk-list-bullet uk-list-collapse\\\">\\n\n\n<li>\\u00c9ticas y bio\\u00e9ticas en relaciones interpersonales con sus pares, subordinados y usuarias\\\/os.<\\\/li>\\n\n\n<li>En Gesti\\u00f3n y Liderazgo, para el ejercicio profesional y trabajo en equipo inter, trans y multidisciplinario.<\\\/li>\\n\n\n<li>En Salud Sexual y Reproductiva a lo largo del ciclo vital, desde la vida intrauterina hasta la muerte.<\\\/li>\\n\n\n<li>En educaci\\u00f3n para la intervenci\\u00f3n comunitaria y formaci\\u00f3n continua de los matronas y los matrones.<\\\/li>\\n<\\\/ul>\"}},{\"type\":\"switcher_item\",\"props\":{\"content\":\"\n\n<p><span class=\\\"fontstyle0\\\">Formar profesionales de excelencia en matroner\\u00eda, desde una perspectiva cient\\u00edfico humanista e interdisciplinaria con enfoque biopsicosocial, de g\\u00e9nero, pertinencia cultural y cuidado medio ambiental. La formaci\\u00f3n est\\u00e1 basada en s\\u00f3lidas competencias, principios \\u00e9ticos y normativa legal vigente, que permiten gestionar y otorgar de manera responsable una atenci\\u00f3n integral en los diversos niveles de complejidad en salud sexual y reproductiva, ginecol\\u00f3gica y neonatal durante todo el ciclo vital de las personas, familias y comunidad. Contamos con un equipo humano comprometido, especializado y en continuo perfeccionamiento en las diversas \\u00e1reas disciplinares y a fines, capaz de adaptarse e innovar ante diferentes escenarios educativos a trav\\u00e9s de la docencia de pre y post\\u00edtulo, investigaci\\u00f3n, vinculaci\\u00f3n con el medio y extensi\\u00f3n<\\\/span>.<\\\/p>\\n\n\n<hr \\\/>\\n\n\n<p><strong>NUESTROS VALORES: EMPAT\\u00cdA, RESPETO Y COMPROMISO<\\\/strong><\\\/p>\\n\n\n<hr \\\/>\\n\n\n<p><strong>Fuente:<\\\/strong> Plan Estrat\\u00e9gico OyP<\\\/p>\\n\n\n<p><img data-attachment-id=\"33895\" data-permalink=\"https:\/\/obstetricia.uv.cl\/inicio\/desarrollo-estrategico\/\" data-orig-file=\"https:\/\/i0.wp.com\/obstetricia.uv.cl\/inicio\/wp-content\/uploads\/2022\/12\/Desarrollo-Estrategico.jpg?fit=1000%2C400&amp;ssl=1\" data-orig-size=\"1000,400\" data-comments-opened=\"1\" data-image-meta=\"{&quot;aperture&quot;:&quot;0&quot;,&quot;credit&quot;:&quot;&quot;,&quot;camera&quot;:&quot;&quot;,&quot;caption&quot;:&quot;&quot;,&quot;created_timestamp&quot;:&quot;0&quot;,&quot;copyright&quot;:&quot;&quot;,&quot;focal_length&quot;:&quot;0&quot;,&quot;iso&quot;:&quot;0&quot;,&quot;shutter_speed&quot;:&quot;0&quot;,&quot;title&quot;:&quot;&quot;,&quot;orientation&quot;:&quot;0&quot;}\" data-image-title=\"Desarrollo-Estrat\u00e9gico\" data-image-description=\"\" data-image-caption=\"\" data-medium-file=\"https:\/\/i0.wp.com\/obstetricia.uv.cl\/inicio\/wp-content\/uploads\/2022\/12\/Desarrollo-Estrategico.jpg?fit=300%2C120&amp;ssl=1\" data-large-file=\"https:\/\/i0.wp.com\/obstetricia.uv.cl\/inicio\/wp-content\/uploads\/2022\/12\/Desarrollo-Estrategico.jpg?fit=1000%2C400&amp;ssl=1\" src=\\\"https:\\\/\\\/obstetricia.uv.cl\\\/inicio\\\/wp-content\\\/uploads\\\/2022\\\/12\\\/Desarrollo-Estrategico-300x120.jpg\\\" alt=\\\"\\\" width=\\\"300\\\" height=\\\"120\\\" class=\\\"alignnone size-medium wp-image-33895\\\" \\\/><\\\/p>\",\"title\":\"Nuestra Misi\\u00f3n\",\"link\":\"\",\"link_text\":\"Size Guide\"}},{\"type\":\"switcher_item\",\"props\":{\"content\":\"\n\n<p><span class=\\\"fontstyle0\\\">Liderar en la formaci\\u00f3n del profesional matrona y matr\\u00f3n a nivel nacional e hispanoamericano, destac\\u00e1ndose por egresados con alto reconocimiento por su aporte al desarrollo social y sanitario del pa\\u00eds; promoviendo permanentemente la generaci\\u00f3n y difusi\\u00f3n del conocimiento, a trav\\u00e9s de la formaci\\u00f3n del post\\u00edtulo y postgrado y la investigaci\\u00f3n disciplinar e interdisciplinar.<\\\/span><\\\/p>\\n\n\n<hr \\\/>\\n\n\n<p><strong>Fuente:<\\\/strong> Plan Estrat\\u00e9gico OyP<\\\/p>\\n\n\n<p><img data-attachment-id=\"33895\" data-permalink=\"https:\/\/obstetricia.uv.cl\/inicio\/desarrollo-estrategico\/\" data-orig-file=\"https:\/\/i0.wp.com\/obstetricia.uv.cl\/inicio\/wp-content\/uploads\/2022\/12\/Desarrollo-Estrategico.jpg?fit=1000%2C400&amp;ssl=1\" data-orig-size=\"1000,400\" data-comments-opened=\"1\" data-image-meta=\"{&quot;aperture&quot;:&quot;0&quot;,&quot;credit&quot;:&quot;&quot;,&quot;camera&quot;:&quot;&quot;,&quot;caption&quot;:&quot;&quot;,&quot;created_timestamp&quot;:&quot;0&quot;,&quot;copyright&quot;:&quot;&quot;,&quot;focal_length&quot;:&quot;0&quot;,&quot;iso&quot;:&quot;0&quot;,&quot;shutter_speed&quot;:&quot;0&quot;,&quot;title&quot;:&quot;&quot;,&quot;orientation&quot;:&quot;0&quot;}\" data-image-title=\"Desarrollo-Estrat\u00e9gico\" data-image-description=\"\" data-image-caption=\"\" data-medium-file=\"https:\/\/i0.wp.com\/obstetricia.uv.cl\/inicio\/wp-content\/uploads\/2022\/12\/Desarrollo-Estrategico.jpg?fit=300%2C120&amp;ssl=1\" data-large-file=\"https:\/\/i0.wp.com\/obstetricia.uv.cl\/inicio\/wp-content\/uploads\/2022\/12\/Desarrollo-Estrategico.jpg?fit=1000%2C400&amp;ssl=1\" src=\\\"https:\\\/\\\/obstetricia.uv.cl\\\/inicio\\\/wp-content\\\/uploads\\\/2022\\\/12\\\/Desarrollo-Estrategico-300x120.jpg\\\" alt=\\\"\\\" width=\\\"300\\\" height=\\\"120\\\" class=\\\"alignnone size-medium wp-image-33895\\\" \\\/><\\\/p>\",\"title\":\"Nuestra Visi\\u00f3n\",\"image\":\"\"}}],\"props\":{\"show_title\":false,\"show_meta\":true,\"show_content\":true,\"show_image\":true,\"show_link\":true,\"show_label\":true,\"show_thumbnail\":true,\"switcher_animation\":\"fade\",\"switcher_height\":true,\"title_element\":\"h3\",\"title_align\":\"top\",\"title_grid_width\":\"1-2\",\"meta_style\":\"\",\"meta_align\":\"above-content\",\"image_svg_color\":\"emphasis\",\"image_align\":\"bottom\",\"image_grid_width\":\"auto\",\"link_text\":\"Read more\",\"link_style\":\"default\",\"margin\":\"default\",\"image_svg_inline\":false,\"title_grid_breakpoint\":\"m\",\"image_grid_breakpoint\":\"m\",\"meta_element\":\"div\",\"content_column_breakpoint\":\"m\",\"margin_remove_bottom\":false,\"margin_remove_top\":false,\"image_vertical_align\":true,\"nav\":\"subnav-pill\",\"thumbnav_width\":\"100\",\"thumbnav_svg_color\":\"emphasis\",\"nav_position\":\"top\",\"nav_align\":\"justify\",\"nav_margin\":\"\",\"nav_grid_width\":\"small\",\"nav_grid_column_gap\":\"\",\"nav_grid_row_gap\":\"\",\"nav_grid_breakpoint\":\"m\",\"thumbnav_height\":\"75\",\"content_style\":\"text-lead\",\"text_align\":\"justify\",\"nav_style_primary\":false}}]}]}]}],\"version\":\"3.0.7\"} --><\/p>\n","protected":false},"excerpt":{"rendered":"<p>Fundamentos de la escuela de Obstetricia y Puericultura Prop\u00f3sitos La Carrera de Obstetricia y Puericultura de la Universidad de Valpara\u00edso tiene como prop\u00f3sito, formar profesionales matronas y matrones capacitados para desempe\u00f1arse en el \u00e1rea asistencial, docente, de investigaci\u00f3n y gesti\u00f3n; que posean actitud y visi\u00f3n integral, capaces de dar respuesta a la mujer, familia y [&hellip;]<\/p>\n","protected":false},"author":2,"featured_media":0,"parent":0,"menu_order":0,"comment_status":"closed","ping_status":"closed","template":"","meta":{"advanced_seo_description":"","jetpack_seo_html_title":"","jetpack_seo_noindex":false,"jetpack_post_was_ever_published":false,"footnotes":""},"class_list":["post-33888","page","type-page","status-publish","hentry"],"jetpack_sharing_enabled":true,"jetpack-related-posts":[],"jetpack_shortlink":"https:\/\/wp.me\/P7pLU0-8OA","_links":{"self":[{"href":"https:\/\/obstetricia.uv.cl\/inicio\/index.php\/wp-json\/wp\/v2\/pages\/33888","targetHints":{"allow":["GET"]}}],"collection":[{"href":"https:\/\/obstetricia.uv.cl\/inicio\/index.php\/wp-json\/wp\/v2\/pages"}],"about":[{"href":"https:\/\/obstetricia.uv.cl\/inicio\/index.php\/wp-json\/wp\/v2\/types\/page"}],"author":[{"embeddable":true,"href":"https:\/\/obstetricia.uv.cl\/inicio\/index.php\/wp-json\/wp\/v2\/users\/2"}],"replies":[{"embeddable":true,"href":"https:\/\/obstetricia.uv.cl\/inicio\/index.php\/wp-json\/wp\/v2\/comments?post=33888"}],"version-history":[{"count":9,"href":"https:\/\/obstetricia.uv.cl\/inicio\/index.php\/wp-json\/wp\/v2\/pages\/33888\/revisions"}],"predecessor-version":[{"id":34372,"href":"https:\/\/obstetricia.uv.cl\/inicio\/index.php\/wp-json\/wp\/v2\/pages\/33888\/revisions\/34372"}],"wp:attachment":[{"href":"https:\/\/obstetricia.uv.cl\/inicio\/index.php\/wp-json\/wp\/v2\/media?parent=33888"}],"curies":[{"name":"wp","href":"https:\/\/api.w.org\/{rel}","templated":true}]}}